{"id":3398,"date":"2024-01-29T10:51:51","date_gmt":"2024-01-29T10:51:51","guid":{"rendered":"https:\/\/hotelelbey.dz\/jijel\/?page_id=3398"},"modified":"2024-07-15T12:39:53","modified_gmt":"2024-07-15T12:39:53","slug":"contact","status":"publish","type":"page","link":"https:\/\/hotelelbey.dz\/jijel\/contact","title":{"rendered":"Contact"},"content":{"rendered":"<div class=\"wpb-content-wrapper\"><p>[vc_row][vc_column][vc_empty_space height=&#8221;60px&#8221;][\/vc_column][\/vc_row][vc_row][vc_column width=&#8221;1\/3&#8243;]      <div class=\"heading-block heading-61d540e5cad4a tal h-h4\">\n                  <h4 class=\"h\">Contact Info<\/h4>\n              <\/div>\n    [vc_column_text css=&#8221;{}&#8221; uniqid=&#8221;61d540f7f2208&#8243;]<\/p>\n<p style=\"text-align: left;\">Standard: +213 (0) 34-47-14-14<br \/>\nT\u00e9l:+213 (0) 34-49-04-04<br \/>\nMobile:+213 (0) 549-94-85-92<\/p>\n<p style=\"text-align: left;\"><a href=\"mailto:contact@hotelelbey.dz\">reception.18@hotelelbey.dz<\/a><\/p>\n<p style=\"text-align: left;\"><a href=\"www.hotelelbey.dz\">www.hotelelbey.dz<\/a><\/p>\n<p>N\u00b057, boulevard Zighoud youcef (kotama) Jijel \u2013algerie-[\/vc_column_text][\/vc_column][vc_column width=&#8221;2\/3&#8243;][vc_gmaps link=&#8221;#E-8_JTNDaWZyYW1lJTIwc3JjJTNEJTIyaHR0cHMlM0ElMkYlMkZ3d3cuZ29vZ2xlLmNvbSUyRm1hcHMlMkZlbWJlZCUzRnBiJTNEJTIxMW0xOCUyMTFtMTIlMjExbTMlMjExZDMxOTQuMjgxNzQ1MjkyMDY5NCUyMTJkNS43NzQ5NjQwNzU2NDU3MzUlMjEzZDM2LjgxMTc2Nzk3MjI0Mzk1NiUyMTJtMyUyMTFmMCUyMTJmMCUyMTNmMCUyMTNtMiUyMTFpMTAyNCUyMTJpNzY4JTIxNGYxMy4xJTIxM20zJTIxMW0yJTIxMXMweDEyZjI1ZmM4Yjc2NDMzNDklMjUzQTB4YWJkZDQwOWM2YmQ2MWUzNiUyMTJzRWwlMjUyMEJleSUyNTIwSG90ZWwlMjUyMC0lMjUyMEppamVsJTIxNWUwJTIxM20yJTIxMXNlbiUyMTJzZHolMjE0djE3MjA2NTUwMjg4MTMlMjE1bTIlMjExc2VuJTIxMnNkeiUyMiUyMHdpZHRoJTNEJTIyNjAwJTIyJTIwaGVpZ2h0JTNEJTIyNDUwJTIyJTIwc3R5bGUlM0QlMjJib3JkZXIlM0EwJTNCJTIyJTIwYWxsb3dmdWxsc2NyZWVuJTNEJTIyJTIyJTIwbG9hZGluZyUzRCUyMmxhenklMjIlMjByZWZlcnJlcnBvbGljeSUzRCUyMm5vLXJlZmVycmVyLXdoZW4tZG93bmdyYWRlJTIyJTNFJTNDJTJGaWZyYW1lJTNF&#8221;][\/vc_column][\/vc_row][vc_row][vc_column][vc_empty_space height=&#8221;40px&#8221;][\/vc_column][\/vc_row][vc_row][vc_column][vc_column_text uniqid=&#8221;5e984823058fc&#8221; css=&#8221;{}&#8221;]\n<div class=\"wpcf7 no-js\" id=\"wpcf7-f3580-o1\" lang=\"en-US\" dir=\"ltr\" data-wpcf7-id=\"3580\">\n<div class=\"screen-reader-response\"><p role=\"status\" aria-live=\"polite\" aria-atomic=\"true\"><\/p> <ul><\/ul><\/div>\n<form action=\"\/jijel\/wp-json\/wp\/v2\/pages\/3398#wpcf7-f3580-o1\" method=\"post\" class=\"wpcf7-form init\" aria-label=\"Contact form\" novalidate=\"novalidate\" data-status=\"init\">\n<div style=\"display: none;\">\n<input type=\"hidden\" name=\"_wpcf7\" value=\"3580\" \/>\n<input type=\"hidden\" name=\"_wpcf7_version\" value=\"6.0.6\" \/>\n<input type=\"hidden\" name=\"_wpcf7_locale\" value=\"en_US\" \/>\n<input type=\"hidden\" name=\"_wpcf7_unit_tag\" value=\"wpcf7-f3580-o1\" \/>\n<input type=\"hidden\" name=\"_wpcf7_container_post\" value=\"0\" \/>\n<input type=\"hidden\" name=\"_wpcf7_posted_data_hash\" value=\"\" \/>\n<\/div>\n<div class=\"contact-form-style3 row\">\n  <div class=\"col-12 col-sm-6 col-md-4\">\n    <div class=\"input-row\">\n      <span class=\"wpcf7-form-control-wrap\" data-name=\"f-name\"><input size=\"40\" maxlength=\"400\" class=\"wpcf7-form-control wpcf7-text style1\" aria-invalid=\"false\" placeholder=\"Nom &amp; Pr\u00e9nom*\" value=\"\" type=\"text\" name=\"f-name\" \/><\/span>\n    <\/div>\n  <\/div>\n  <div class=\"col-12 col-sm-6 col-md-4\">\n    <div class=\"input-row\">\n      <span class=\"wpcf7-form-control-wrap\" data-name=\"f-company\"><input size=\"40\" maxlength=\"400\" class=\"wpcf7-form-control wpcf7-text style1\" aria-invalid=\"false\" placeholder=\"Entreprise\" value=\"\" type=\"text\" name=\"f-company\" \/><\/span>\n    <\/div>\n  <\/div>\n  <div class=\"col-12 col-sm-6 col-md-4\">\n    <div class=\"input-row\">\n      <span class=\"wpcf7-form-control-wrap\" data-name=\"f-email\"><input size=\"40\" maxlength=\"400\" class=\"wpcf7-form-control wpcf7-text style1\" aria-invalid=\"false\" placeholder=\"Email*\" value=\"\" type=\"text\" name=\"f-email\" \/><\/span>\n    <\/div>\n  <\/div>\n  <div class=\"col-12 col-sm-6 col-md-4\">\n    <div class=\"input-row\">\n      <span class=\"wpcf7-form-control-wrap\" data-name=\"f-phone\"><input size=\"40\" maxlength=\"400\" class=\"wpcf7-form-control wpcf7-text style1\" aria-invalid=\"false\" placeholder=\"Num\u00e9ro de t\u00e9l\u00e9phone\" value=\"\" type=\"text\" name=\"f-phone\" \/><\/span>\n    <\/div>\n  <\/div>\n  <div class=\"col-12 col-sm-6 col-md-4\">\n    <div class=\"input-row\">\n      <span class=\"wpcf7-form-control-wrap\" data-name=\"f-subject\"><input size=\"40\" maxlength=\"400\" class=\"wpcf7-form-control wpcf7-text style1\" aria-invalid=\"false\" placeholder=\"Sujet\" value=\"\" type=\"text\" name=\"f-subject\" \/><\/span>\n    <\/div>\n  <\/div>\n  \n  <div class=\"col-12\">\n    <div class=\"input-row\">\n      <span class=\"wpcf7-form-control-wrap\" data-name=\"f-message\"><textarea cols=\"40\" rows=\"10\" maxlength=\"2000\" class=\"wpcf7-form-control wpcf7-textarea style1\" aria-invalid=\"false\" placeholder=\"Message*\" name=\"f-message\"><\/textarea><\/span>\n    <\/div>\n  <\/div>\n  <div class=\"require-text\">Tous les champs marqu\u00e9s d\u2019un \u00ab * \u00bb sont requis pour envoyer ce formulaire<\/div>\n\n\n  <div class=\"col-12\">\n    <button class=\"button-style1\" type=\"submit\">\n      <span>Envoyer<\/span>\n    <\/button>\n  <\/div>\n<\/div><div class=\"wpcf7-response-output\" aria-hidden=\"true\"><\/div>\n<\/form>\n<\/div>\n[\/vc_column_text][\/vc_column][\/vc_row]<\/p>\n<\/div>","protected":false},"excerpt":{"rendered":"<p>[vc_row][vc_column][vc_empty_space height=&#8221;60px&#8221;][\/vc_column][\/vc_row][vc_row][vc_column width=&#8221;1\/3&#8243;][vc_column_text css=&#8221;{}&#8221; uniqid=&#8221;61d540f7f2208&#8243;] Standard: +213 (0) 34-47-14-14 T\u00e9l:+213 (0) 34-49-04-04 Mobile:+213 (0) 549-94-85-92 reception.18@hotelelbey.dz www.hotelelbey.dz N\u00b057, boulevard Zighoud youcef (kotama) Jijel \u2013algerie-[\/vc_column_text][\/vc_column][vc_column width=&#8221;2\/3&#8243;][vc_gmaps link=&#8221;#E-8_JTNDaWZyYW1lJTIwc3JjJTNEJTIyaHR0cHMlM0ElMkYlMkZ3d3cuZ29vZ2xlLmNvbSUyRm1hcHMlMkZlbWJlZCUzRnBiJTNEJTIxMW0xOCUyMTFtMTIlMjExbTMlMjExZDMxOTQuMjgxNzQ1MjkyMDY5NCUyMTJkNS43NzQ5NjQwNzU2NDU3MzUlMjEzZDM2LjgxMTc2Nzk3MjI0Mzk1NiUyMTJtMyUyMTFmMCUyMTJmMCUyMTNmMCUyMTNtMiUyMTFpMTAyNCUyMTJpNzY4JTIxNGYxMy4xJTIxM20zJTIxMW0yJTIxMXMweDEyZjI1ZmM4Yjc2NDMzNDklMjUzQTB4YWJkZDQwOWM2YmQ2MWUzNiUyMTJzRWwlMjUyMEJleSUyNTIwSG90ZWwlMjUyMC0lMjUyMEppamVsJTIxNWUwJTIxM20yJTIxMXNlbiUyMTJzZHolMjE0djE3MjA2NTUwMjg4MTMlMjE1bTIlMjExc2VuJTIxMnNkeiUyMiUyMHdpZHRoJTNEJTIyNjAwJTIyJTIwaGVpZ2h0JTNEJTIyNDUwJTIyJTIwc3R5bGUlM0QlMjJib3JkZXIlM0EwJTNCJTIyJTIwYWxsb3dmdWxsc2NyZWVuJTNEJTIyJTIyJTIwbG9hZGluZyUzRCUyMmxhenklMjIlMjByZWZlcnJlcnBvbGljeSUzRCUyMm5vLXJlZmVycmVyLXdoZW4tZG93bmdyYWRlJTIyJTNFJTNDJTJGaWZyYW1lJTNF&#8221;][\/vc_column][\/vc_row][vc_row][vc_column][vc_empty_space height=&#8221;40px&#8221;][\/vc_column][\/vc_row][vc_row][vc_column][vc_column_text uniqid=&#8221;5e984823058fc&#8221; css=&#8221;{}&#8221;][\/vc_column_text][\/vc_column][\/vc_row]<\/p>\n","protected":false},"author":1,"featured_media":3577,"parent":0,"menu_order":0,"comment_status":"closed","ping_status":"closed","template":"","meta":{"footnotes":""},"class_list":["post-3398","page","type-page","status-publish","has-post-thumbnail","hentry"],"_links":{"self":[{"href":"https:\/\/hotelelbey.dz\/jijel\/wp-json\/wp\/v2\/pages\/3398","targetHints":{"allow":["GET"]}}],"collection":[{"href":"https:\/\/hotelelbey.dz\/jijel\/wp-json\/wp\/v2\/pages"}],"about":[{"href":"https:\/\/hotelelbey.dz\/jijel\/wp-json\/wp\/v2\/types\/page"}],"author":[{"embeddable":true,"href":"https:\/\/hotelelbey.dz\/jijel\/wp-json\/wp\/v2\/users\/1"}],"replies":[{"embeddable":true,"href":"https:\/\/hotelelbey.dz\/jijel\/wp-json\/wp\/v2\/comments?post=3398"}],"version-history":[{"count":7,"href":"https:\/\/hotelelbey.dz\/jijel\/wp-json\/wp\/v2\/pages\/3398\/revisions"}],"predecessor-version":[{"id":3697,"href":"https:\/\/hotelelbey.dz\/jijel\/wp-json\/wp\/v2\/pages\/3398\/revisions\/3697"}],"wp:featuredmedia":[{"embeddable":true,"href":"https:\/\/hotelelbey.dz\/jijel\/wp-json\/wp\/v2\/media\/3577"}],"wp:attachment":[{"href":"https:\/\/hotelelbey.dz\/jijel\/wp-json\/wp\/v2\/media?parent=3398"}],"curies":[{"name":"wp","href":"https:\/\/api.w.org\/{rel}","templated":true}]}}